{"id":76,"date":"2020-09-03T19:08:34","date_gmt":"2020-09-03T19:08:34","guid":{"rendered":"https:\/\/tymsi.com\/as\/?page_id=76"},"modified":"2025-11-17T11:49:30","modified_gmt":"2025-11-17T11:49:30","slug":"canal-de-denuncias","status":"publish","type":"page","link":"https:\/\/agenciasesnich.cl\/web\/canal-de-denuncias\/","title":{"rendered":"Canal de Denuncias"},"content":{"rendered":"<p>[et_pb_section fb_built=&#8221;1&#8243; _builder_version=&#8221;4.6.0&#8243; _module_preset=&#8221;default&#8221;][et_pb_row _builder_version=&#8221;4.6.0&#8243; _module_preset=&#8221;default&#8221;][et_pb_column type=&#8221;4_4&#8243; _builder_version=&#8221;4.6.0&#8243; _module_preset=&#8221;default&#8221;][et_pb_text _builder_version=&#8221;4.6.0&#8243; _module_preset=&#8221;default&#8221; text_font=&#8221;Hind|700|||||||&#8221; text_text_color=&#8221;#3d425f&#8221; text_font_size=&#8221;42px&#8221;]<\/p>\n<p style=\"text-align: center;\">Canal de Denuncias<\/p>\n<p>[\/et_pb_text][et_pb_divider divider_weight=&#8221;10px&#8221; _builder_version=&#8221;4.6.0&#8243; _module_preset=&#8221;default&#8221;][\/et_pb_divider][\/et_pb_column][\/et_pb_row][et_pb_row _builder_version=&#8221;4.6.0&#8243; _module_preset=&#8221;default&#8221; custom_margin=&#8221;-35px|auto||auto||&#8221; custom_padding=&#8221;134px|||||&#8221;][et_pb_column type=&#8221;4_4&#8243; _builder_version=&#8221;4.6.0&#8243; _module_preset=&#8221;default&#8221;][et_pb_text _builder_version=&#8221;4.9.7&#8243; _module_preset=&#8221;default&#8221; text_font=&#8221;Hind|500|||||||&#8221; custom_margin=&#8221;-127px|||||&#8221;]<\/p>\n<p>De acuerdo con la Pol\u00edtica de Prevenci\u00f3n de Delitos de la empresa, cualquier persona que tome conocimiento de alg\u00fan il\u00edcito relacionado con la Ley N\u00ba20.393, podr\u00e1 denunciarlo por este canal.<\/p>\n<p>Se garantiza que sus comunicaciones ser\u00e1n tratadas con el debido resguardo y confidencialidad.<\/p>\n<p>Las denuncias podr\u00e1n ser incorporadas en formulario adjunto u otro que estime , el que debe ser enviado a la Agencia por alguno de los siguientes medios:<\/p>\n<p>Correo certificado dirigido al Encargado de Prevenci\u00f3n de Delitos: Avenida Circunvalaci\u00f3n, Manzana C ,Sitio 19E, Barrio Industrial Zofri, Iquique.<\/p>\n<p>Correo electr\u00f3nico:\u00a0<span style=\"text-decoration: underline;\"><a href=\"mailto:denuncias20393@agenciasesnich.cl\">denuncias20393@agenciasesnich.cl<\/a><\/span><\/p>\n<p>Descargar MPD: <span style=\"text-decoration: underline;\"><a href=\"https:\/\/agenciasesnich.cl\/web\/wp-content\/uploads\/2025\/06\/AG_RHH_DI_03_01.pdf\">Modelo de Prevencion del Delito.pdf<\/a><\/span><a href=\"https:\/\/agenciasesnich.cl\/web\/wp-content\/uploads\/2020\/09\/MPD.AGENCIA.2019.4.pdf\"><br \/><\/a><br \/>Descargar C\u00f3digo de \u00c9tica:\u00a0<a href=\"https:\/\/agenciasesnich.cl\/web\/wp-content\/uploads\/2025\/06\/AG_RHH_DI_02_01.pdf\"><span style=\"text-decoration: underline;\">C\u00f3digo de Etica.pdf<\/span><br \/><\/a><br \/>Descargar Anexo I \u2013 Formulario Denuncias:\u00a0<span style=\"text-decoration: underline;\"><a href=\"https:\/\/agenciasesnich.cl\/web\/wp-content\/uploads\/2020\/09\/Anexo-I-Formulario-Denuncias.pdf\">Formulario Denuncias.pdf<\/a><\/span><\/p>\n<p><span style=\"text-decoration: underline;\"><\/span><\/p>\n<p>__________________________________________________________________________________________________________________________________________<span style=\"text-decoration: underline;\"><\/span><\/p>\n<p style=\"text-align: justify;\">De acuerdo con lo establecido en la Ley N\u00b021.643, conocida como Ley Karin, que regula la prevenci\u00f3n, investigaci\u00f3n y sanci\u00f3n del acoso sexual, laboral y de la violencia en el trabajo, la Agencia de Aduanas Patricio Sesnich Stewart y C\u00eda. Ltda. pone a disposici\u00f3n de todas las personas un canal seguro y confidencial para la recepci\u00f3n de denuncias relacionadas con dichas conductas.<\/p>\n<p style=\"text-align: justify;\">\u00a0Se garantiza que toda comunicaci\u00f3n ser\u00e1 tratada con estricto resguardo, confidencialidad y respeto, conforme a lo dispuesto en la ley y en la Pol\u00edtica Interna de Prevenci\u00f3n del Acoso y Violencia Laboral de la Agencia Sesnich.<\/p>\n<p style=\"text-align: justify;\">\u00a0Las denuncias podr\u00e1n ser presentadas en formato verbal o escrito, de manera presencial o electr\u00f3nica, seg\u00fan lo dispone la normativa vigente. Para estos efectos, la persona afectada o quien tenga conocimiento de los hechos podr\u00e1 efectuar su denuncia a trav\u00e9s de los siguientes medios:<\/p>\n<p>\u00a0Correo electr\u00f3nico: <span style=\"text-decoration: underline;\"><a href=\"mailto:denuncialeykarin@agenciasesnich.cl\">denuncialeykarin@agenciasesnich.cl<\/a><\/span><\/p>\n<p>&#8220;Para estos efectos, agradecer\u00edamos que adjunte el <span style=\"text-decoration: underline;\"><a href=\"https:\/\/agenciasesnich.cl\/web\/wp-content\/uploads\/2025\/11\/ACTA-DENUNCIA-LEY-KARIN.pdf\">acta<\/a> <\/span>a fin de que su denuncia cumpla con los par\u00e1metros m\u00ednimos requeridos.\u201d<\/p>\n<p><span style=\"text-decoration: underline;\"><\/span><\/p>\n<p>\u00a0Formulario de denuncia: <span style=\"text-decoration: underline;\"><a href=\"https:\/\/forms.office.com\/r\/0vGPgHW5Uu?origin=lprLink\">Formulario_Digital<\/a><\/span><\/p>\n<p>\u00a0Presentaci\u00f3n presencial: ante el Departamento de Recursos Humanos de la Agencia\u00a0Sesnich.<\/p>\n<p><span style=\"text-decoration: underline;\"><\/span><\/p>\n<p>[\/et_pb_text][\/et_pb_column][\/et_pb_row][et_pb_row _builder_version=&#8221;4.6.0&#8243; _module_preset=&#8221;default&#8221;][et_pb_column type=&#8221;4_4&#8243; _builder_version=&#8221;4.6.0&#8243; _module_preset=&#8221;default&#8221;][\/et_pb_column][\/et_pb_row][\/et_pb_section]<\/p>\n","protected":false},"excerpt":{"rendered":"<p>[et_pb_section fb_built=&#8221;1&#8243; _builder_version=&#8221;4.6.0&#8243; _module_preset=&#8221;default&#8221;][et_pb_row _builder_version=&#8221;4.6.0&#8243; _module_preset=&#8221;default&#8221;][et_pb_column type=&#8221;4_4&#8243; _builder_version=&#8221;4.6.0&#8243; _module_preset=&#8221;default&#8221;][et_pb_text _builder_version=&#8221;4.6.0&#8243; _module_preset=&#8221;default&#8221; text_font=&#8221;Hind|700|||||||&#8221; text_text_color=&#8221;#3d425f&#8221; text_font_size=&#8221;42px&#8221;] Canal de Denuncias [\/et_pb_text][et_pb_divider divider_weight=&#8221;10px&#8221; _builder_version=&#8221;4.6.0&#8243; _module_preset=&#8221;default&#8221;][\/et_pb_divider][\/et_pb_column][\/et_pb_row][et_pb_row _builder_version=&#8221;4.6.0&#8243; _module_preset=&#8221;default&#8221; custom_margin=&#8221;-35px|auto||auto||&#8221; custom_padding=&#8221;134px|||||&#8221;][et_pb_column type=&#8221;4_4&#8243; _builder_version=&#8221;4.6.0&#8243; _module_preset=&#8221;default&#8221;][et_pb_text _builder_version=&#8221;4.9.7&#8243; _module_preset=&#8221;default&#8221; text_font=&#8221;Hind|500|||||||&#8221; custom_margin=&#8221;-127px|||||&#8221;] De acuerdo con la Pol\u00edtica de Prevenci\u00f3n de Delitos de la empresa, cualquier persona que tome conocimiento de alg\u00fan il\u00edcito relacionado con la [&hellip;]<\/p>\n","protected":false},"author":1,"featured_media":0,"parent":0,"menu_order":0,"comment_status":"closed","ping_status":"closed","template":"","meta":{"_et_pb_use_builder":"on","_et_pb_old_content":"","_et_gb_content_width":""},"_links":{"self":[{"href":"https:\/\/agenciasesnich.cl\/web\/wp-json\/wp\/v2\/pages\/76"}],"collection":[{"href":"https:\/\/agenciasesnich.cl\/web\/wp-json\/wp\/v2\/pages"}],"about":[{"href":"https:\/\/agenciasesnich.cl\/web\/wp-json\/wp\/v2\/types\/page"}],"author":[{"embeddable":true,"href":"https:\/\/agenciasesnich.cl\/web\/wp-json\/wp\/v2\/users\/1"}],"replies":[{"embeddable":true,"href":"https:\/\/agenciasesnich.cl\/web\/wp-json\/wp\/v2\/comments?post=76"}],"version-history":[{"count":20,"href":"https:\/\/agenciasesnich.cl\/web\/wp-json\/wp\/v2\/pages\/76\/revisions"}],"predecessor-version":[{"id":1642,"href":"https:\/\/agenciasesnich.cl\/web\/wp-json\/wp\/v2\/pages\/76\/revisions\/1642"}],"wp:attachment":[{"href":"https:\/\/agenciasesnich.cl\/web\/wp-json\/wp\/v2\/media?parent=76"}],"curies":[{"name":"wp","href":"https:\/\/api.w.org\/{rel}","templated":true}]}}

<p>[et_pb_section fb_built=&#8221;1&#8243; _builder_version=&#8221;4.6.0&#8243; _module_preset=&#8221;default&#8221;][et_pb_row _builder_version=&#8221;4.6.0&#8243; _module_preset=&#8221;default&#8221;][et_pb_column type=&#8221;4_4&#8243; _builder_version=&#8221;4.6.0&#8243; _module_preset=&#8221;default&#8221;][et_pb_text _builder_version=&#8221;4.6.0&#8243; _module_preset=&#8221;default&#8221; text_font=&#8221;Hind|700|||||||&#8221; text_text_color=&#8221;#3d425f&#8221; text_font_size=&#8221;42px&#8221;]</p>
<p style="text-align: center;">Canal de Denuncias</p>
<p>[/et_pb_text][et_pb_divider divider_weight=&#8221;10px&#8221; _builder_version=&#8221;4.6.0&#8243; _module_preset=&#8221;default&#8221;][/et_pb_divider][/et_pb_column][/et_pb_row][et_pb_row _builder_version=&#8221;4.6.0&#8243; _module_preset=&#8221;default&#8221; custom_margin=&#8221;-35px|auto||auto||&#8221; custom_padding=&#8221;134px|||||&#8221;][et_pb_column type=&#8221;4_4&#8243; _builder_version=&#8221;4.6.0&#8243; _module_preset=&#8221;default&#8221;][et_pb_text _builder_version=&#8221;4.9.7&#8243; _module_preset=&#8221;default&#8221; text_font=&#8221;Hind|500|||||||&#8221; custom_margin=&#8221;-127px|||||&#8221;]</p>
<p>De acuerdo con la Política de Prevención de Delitos de la empresa, cualquier persona que tome conocimiento de algún ilícito relacionado con la Ley Nº20.393, podrá denunciarlo por este canal.</p>
<p>Se garantiza que sus comunicaciones serán tratadas con el debido resguardo y confidencialidad.</p>
<p>Las denuncias podrán ser incorporadas en formulario adjunto u otro que estime , el que debe ser enviado a la Agencia por alguno de los siguientes medios:</p>
<p>Correo certificado dirigido al Encargado de Prevención de Delitos: Avenida Circunvalación, Manzana C ,Sitio 19E, Barrio Industrial Zofri, Iquique.</p>
<p>Correo electrónico: <span style="text-decoration: underline;"><a href="mailto:denuncias20393@agenciasesnich.cl">denuncias20393@agenciasesnich.cl</a></span></p>
<p>Descargar MPD: <span style="text-decoration: underline;"><a href="https://agenciasesnich.cl/web/wp-content/uploads/2025/06/AG_RHH_DI_03_01.pdf">Modelo de Prevencion del Delito.pdf</a></span><a href="https://agenciasesnich.cl/web/wp-content/uploads/2020/09/MPD.AGENCIA.2019.4.pdf"><br /></a><br />Descargar Código de Ética: <a href="https://agenciasesnich.cl/web/wp-content/uploads/2025/06/AG_RHH_DI_02_01.pdf"><span style="text-decoration: underline;">Código de Etica.pdf</span><br /></a><br />Descargar Anexo I – Formulario Denuncias: <span style="text-decoration: underline;"><a href="https://agenciasesnich.cl/web/wp-content/uploads/2020/09/Anexo-I-Formulario-Denuncias.pdf">Formulario Denuncias.pdf</a></span></p>
<p><span style="text-decoration: underline;"></span></p>
<p>__________________________________________________________________________________________________________________________________________<span style="text-decoration: underline;"></span></p>
<p style="text-align: justify;">De acuerdo con lo establecido en la Ley N°21.643, conocida como Ley Karin, que regula la prevención, investigación y sanción del acoso sexual, laboral y de la violencia en el trabajo, la Agencia de Aduanas Patricio Sesnich Stewart y Cía. Ltda. pone a disposición de todas las personas un canal seguro y confidencial para la recepción de denuncias relacionadas con dichas conductas.</p>
<p style="text-align: justify;"> Se garantiza que toda comunicación será tratada con estricto resguardo, confidencialidad y respeto, conforme a lo dispuesto en la ley y en la Política Interna de Prevención del Acoso y Violencia Laboral de la Agencia Sesnich.</p>
<p style="text-align: justify;"> Las denuncias podrán ser presentadas en formato verbal o escrito, de manera presencial o electrónica, según lo dispone la normativa vigente. Para estos efectos, la persona afectada o quien tenga conocimiento de los hechos podrá efectuar su denuncia a través de los siguientes medios:</p>
<p> Correo electrónico: <span style="text-decoration: underline;"><a href="mailto:denuncialeykarin@agenciasesnich.cl">denuncialeykarin@agenciasesnich.cl</a></span></p>
<p>&#8220;Para estos efectos, agradeceríamos que adjunte el <span style="text-decoration: underline;"><a href="https://agenciasesnich.cl/web/wp-content/uploads/2025/11/ACTA-DENUNCIA-LEY-KARIN.pdf">acta</a> </span>a fin de que su denuncia cumpla con los parámetros mínimos requeridos.”</p>
<p><span style="text-decoration: underline;"></span></p>
<p> Formulario de denuncia: <span style="text-decoration: underline;"><a href="https://forms.office.com/r/0vGPgHW5Uu?origin=lprLink">Formulario_Digital</a></span></p>
<p> Presentación presencial: ante el Departamento de Recursos Humanos de la Agencia Sesnich.</p>
<p><span style="text-decoration: underline;"></span></p>
<p>[/et_pb_text][/et_pb_column][/et_pb_row][et_pb_row _builder_version=&#8221;4.6.0&#8243; _module_preset=&#8221;default&#8221;][et_pb_column type=&#8221;4_4&#8243; _builder_version=&#8221;4.6.0&#8243; _module_preset=&#8221;default&#8221;][/et_pb_column][/et_pb_row][/et_pb_section]</p>

<p>[et_pb_section fb_built=&#8221;1&#8243; _builder_version=&#8221;4.6.0&#8243; _module_preset=&#8221;default&#8221;][et_pb_row _builder_version=&#8221;4.6.0&#8243; _module_preset=&#8221;default&#8221;][et_pb_column type=&#8221;4_4&#8243; _builder_version=&#8221;4.6.0&#8243; _module_preset=&#8221;default&#8221;][et_pb_text _builder_version=&#8221;4.6.0&#8243; _module_preset=&#8221;default&#8221; text_font=&#8221;Hind|700|||||||&#8221; text_text_color=&#8221;#3d425f&#8221; text_font_size=&#8221;42px&#8221;] Canal de Denuncias [/et_pb_text][et_pb_divider divider_weight=&#8221;10px&#8221; _builder_version=&#8221;4.6.0&#8243; _module_preset=&#8221;default&#8221;][/et_pb_divider][/et_pb_column][/et_pb_row][et_pb_row _builder_version=&#8221;4.6.0&#8243; _module_preset=&#8221;default&#8221; custom_margin=&#8221;-35px|auto||auto||&#8221; custom_padding=&#8221;134px|||||&#8221;][et_pb_column type=&#8221;4_4&#8243; _builder_version=&#8221;4.6.0&#8243; _module_preset=&#8221;default&#8221;][et_pb_text _builder_version=&#8221;4.9.7&#8243; _module_preset=&#8221;default&#8221; text_font=&#8221;Hind|500|||||||&#8221; custom_margin=&#8221;-127px|||||&#8221;] De acuerdo con la Política de Prevención de Delitos de la empresa, cualquier persona que tome conocimiento de algún ilícito relacionado con la [&hellip;]</p>
