{"id":8,"date":"2020-09-02T19:51:33","date_gmt":"2020-09-02T19:51:33","guid":{"rendered":"https:\/\/tymsi.com\/as\/?page_id=8"},"modified":"2025-07-29T14:29:12","modified_gmt":"2025-07-29T14:29:12","slug":"empresa","status":"publish","type":"page","link":"https:\/\/agenciasesnich.cl\/web\/empresa\/","title":{"rendered":"Empresa"},"content":{"rendered":"<p>[et_pb_section fb_built=&#8221;1&#8243; _builder_version=&#8221;4.6.0&#8243; _module_preset=&#8221;default&#8221;][et_pb_row _builder_version=&#8221;4.6.0&#8243; _module_preset=&#8221;default&#8221;][et_pb_column type=&#8221;4_4&#8243; _builder_version=&#8221;4.6.0&#8243; _module_preset=&#8221;default&#8221;][et_pb_text _builder_version=&#8221;4.6.1&#8243; _module_preset=&#8221;default&#8221; text_font=&#8221;Hind|700|||||||&#8221; text_text_color=&#8221;#3d425f&#8221; text_font_size=&#8221;42px&#8221;]<\/p>\n<p style=\"text-align: center;\">Empresa<\/p>\n<p>[\/et_pb_text][et_pb_divider divider_weight=&#8221;10px&#8221; _builder_version=&#8221;4.6.0&#8243; _module_preset=&#8221;default&#8221;][\/et_pb_divider][\/et_pb_column][\/et_pb_row][et_pb_row _builder_version=&#8221;4.6.0&#8243; _module_preset=&#8221;default&#8221; custom_padding=&#8221;19px|||||&#8221;][et_pb_column type=&#8221;4_4&#8243; _builder_version=&#8221;4.6.0&#8243; _module_preset=&#8221;default&#8221;][et_pb_text content_tablet=&#8221;<\/p>\n<p style=%22text-align: justify;%22>Agencia Sesnich cuenta con 40 a\u00f1os de experiencia, otorgando a sus clientes seguridad, confianza, calidad y profesionalismo en sus servicios.<\/p>\n<p style=%22text-align: justify;%22>Nuestra trayectoria es una muestra fidedigna de un trabajo serio y responsable en el transporte, bodegaje y entrega de las mercanc\u00edas, garantizando el \u00e9xito las cargas convenidas.<\/p>\n<p style=%22text-align: justify;%22>Los profesionales de Agencia de Aduanas Sesnich tienen un acabado conocimiento y especializaci\u00f3n en materias tales como: Merceolog\u00eda, Legislaci\u00f3n Aduanera, Arancel Aduanero, Valoraci\u00f3n de mercanc\u00edas, Tratados Internacionales de Comercio y otras materias vinculadas con el comercio exterior.<\/p>\n<p style=%22text-align: justify;%22>Especializados en proyectos de energ\u00eda y miner\u00eda, entregamos una asesor\u00eda completa por parte de profesionales destacados en su \u00e1rea.<\/p>\n<p style=%22text-align: justify;%22><strong>Pol\u00edtica de Calidad<\/strong><\/p>\n<p style=%22text-align: justify;%22><span>Ag. de Aduana Patricio Sesnich S. y Cia. Ltda.,  fundamenta sus operaciones de comercio exterior en la entrega de servicios profesionales de gesti\u00f3n en la tramitaci\u00f3n de destinaciones aduaneras ante el Servicio Nacional de Aduanas, en representaci\u00f3n de distintos mandantes, empresas, o contribuyentes. Brindandoles a nuestros clientes apoyo en la adquisici\u00f3n de insumos y\/o materiales, y en la comercializaci\u00f3n de sus productos fuera del pa\u00eds. Ademas de prestar servicios de apoyo en la gesti\u00f3n de proyectos.<\/span><\/p>\n<p style=%22text-align: justify;%22><span>Nuestro compromiso es dar confianza y pronta respuesta a las necesidades de nuestros clientes, entregando un servicio personalizado con seriedad, responsabilidad y de acuerdo al marco jur\u00eddico vigente en el pa\u00eds. Para ello, contamos con profesionales competentes y especializados en el comercio exterior, con una amplia experiencia en el sector, que nos permite lograr la satisfacci\u00f3n total del cliente.<\/span><span> <\/span><\/p>\n<p style=%22text-align: justify;%22><span>Para lograr lo anterior la Gerencia, <\/span><span>Fundamenta sus procesos y actividades en la calidad del servicio, y se  compromete a asignar los recursos necesarios para mejorar continuamente la eficacia del Sistema de Gesti\u00f3n de la Calidad implementado, a la revisi\u00f3n y mantenci\u00f3n de esta pol\u00edtica,  al cumplimiento de los requisitos legales y otros requisitos reglamentarios aplicables a nuestra organizaci\u00f3n, y la elaboraci\u00f3n y revisi\u00f3n de los objetivos de la Calidad.<\/span><\/p>\n<p>&#8221; content_phone=&#8221;<\/p>\n<p>Agencia Sesnich cuenta con 40 a\u00f1os de experiencia, otorgando a sus clientes seguridad, confianza, calidad y profesionalismo en sus servicios.<\/p>\n<p>Nuestra trayectoria es una muestra fidedigna de un trabajo serio y responsable en el transporte, bodegaje y entrega de las mercanc\u00edas, garantizando el \u00e9xito las cargas convenidas.<\/p>\n<p>Los profesionales de Agencia de Aduanas Sesnich tienen un acabado conocimiento y especializaci\u00f3n en materias tales como: Merceolog\u00eda, Legislaci\u00f3n Aduanera, Arancel Aduanero, Valoraci\u00f3n de mercanc\u00edas, Tratados Internacionales de Comercio y otras materias vinculadas con el comercio exterior.<\/p>\n<p>Especializados en proyectos de energ\u00eda y miner\u00eda, entregamos una asesor\u00eda completa por parte de profesionales destacados en su \u00e1rea.<\/p>\n<p><strong>Pol\u00edtica de Calidad<\/strong><\/p>\n<p><span>Ag. de Aduana Patricio Sesnich S. y Cia. Ltda.,  fundamenta sus operaciones de comercio exterior en la entrega de servicios profesionales de gesti\u00f3n en la tramitaci\u00f3n de destinaciones aduaneras ante el Servicio Nacional de Aduanas, en representaci\u00f3n de distintos mandantes, empresas, o contribuyentes. Brindandoles a nuestros clientes apoyo en la adquisici\u00f3n de insumos y\/o materiales, y en la comercializaci\u00f3n de sus productos fuera del pa\u00eds. Ademas de prestar servicios de apoyo en la gesti\u00f3n de proyectos.<\/span><\/p>\n<p><span>Nuestro compromiso es dar confianza y pronta respuesta a las necesidades de nuestros clientes, entregando un servicio personalizado con seriedad, responsabilidad y de acuerdo al marco jur\u00eddico vigente en el pa\u00eds. Para ello, contamos con profesionales competentes y especializados en el comercio exterior, con una amplia experiencia en el sector, que nos permite lograr la satisfacci\u00f3n total del cliente.<\/span><span> <\/span><\/p>\n<p><span>Para lograr lo anterior la Gerencia, <\/span><span>Fundamenta sus procesos y actividades en la calidad del servicio, y se  compromete a asignar los recursos necesarios para mejorar continuamente la eficacia del Sistema de Gesti\u00f3n de la Calidad implementado, a la revisi\u00f3n y mantenci\u00f3n de esta pol\u00edtica,  al cumplimiento de los requisitos legales y otros requisitos reglamentarios aplicables a nuestra organizaci\u00f3n, y la elaboraci\u00f3n y revisi\u00f3n de los objetivos de la Calidad.<\/span><\/p>\n<p>&#8221; content_last_edited=&#8221;on|phone&#8221; _builder_version=&#8221;4.6.1&#8243; _module_preset=&#8221;default&#8221; text_font=&#8221;Hind|500|||||||&#8221; text_font_size=&#8221;15px&#8221;]<\/p>\n<p>Agencia de Aduanas Patricio Sesnich Stewart y Compa\u00f1\u00eda\u00a0 Limitada, con m\u00e1s de 40 a\u00f1os de experiencia en el \u00e1rea, entrega a sus clientes un servicio seguro, confiable, y de calidad.<\/p>\n<p>Nuestra trayectoria garantiza el cumplimiento oportuno y eficaz de los despachos de mercanc\u00edas que se nos encomiendan.\u00a0<\/p>\n<p>Los profesionales de Agencia Sesnich son especialistas en la aplicaci\u00f3n de la normativa y operaci\u00f3n\u00a0 relacionada con las labores que le son propias, cumpliendo con los m\u00e1s altos estandares de calidad en su gesti\u00f3n.<\/p>\n<p>Aplicamos procedimientos internos que aseguran un acabado conocimiento en materias de Comercio Exterior, tales como Merceolog\u00eda, Legislaci\u00f3n Aduanera, Arancel Aduanero, Valoraci\u00f3n de Mercanc\u00edas, Tratados Internacionales de Comercio, cumplimiento de Vistos Buenos Previos que son exigibles en nuestro pa\u00eds.<\/p>\n<p>La Agencia se ha especializado en el desarrollado procedimientos que le permiten atender grandes proyectos de energ\u00eda y miner\u00eda, entregando una asesor\u00eda integral a sus clientes.<\/p>\n<p>&nbsp;<\/p>\n<p>[\/et_pb_text][\/et_pb_column][\/et_pb_row][\/et_pb_section]<\/p>\n","protected":false},"excerpt":{"rendered":"<p>[et_pb_section fb_built=&#8221;1&#8243; _builder_version=&#8221;4.6.0&#8243; _module_preset=&#8221;default&#8221;][et_pb_row _builder_version=&#8221;4.6.0&#8243; _module_preset=&#8221;default&#8221;][et_pb_column type=&#8221;4_4&#8243; _builder_version=&#8221;4.6.0&#8243; _module_preset=&#8221;default&#8221;][et_pb_text _builder_version=&#8221;4.6.1&#8243; _module_preset=&#8221;default&#8221; text_font=&#8221;Hind|700|||||||&#8221; text_text_color=&#8221;#3d425f&#8221; text_font_size=&#8221;42px&#8221;] Empresa [\/et_pb_text][et_pb_divider divider_weight=&#8221;10px&#8221; _builder_version=&#8221;4.6.0&#8243; _module_preset=&#8221;default&#8221;][\/et_pb_divider][\/et_pb_column][\/et_pb_row][et_pb_row _builder_version=&#8221;4.6.0&#8243; _module_preset=&#8221;default&#8221; custom_padding=&#8221;19px|||||&#8221;][et_pb_column type=&#8221;4_4&#8243; _builder_version=&#8221;4.6.0&#8243; _module_preset=&#8221;default&#8221;][et_pb_text content_tablet=&#8221; Agencia Sesnich cuenta con 40 a\u00f1os de experiencia, otorgando a sus clientes seguridad, confianza, calidad y profesionalismo en sus servicios. Nuestra trayectoria es una muestra fidedigna de un trabajo [&hellip;]<\/p>\n","protected":false},"author":1,"featured_media":0,"parent":0,"menu_order":0,"comment_status":"closed","ping_status":"closed","template":"","meta":{"_et_pb_use_builder":"on","_et_pb_old_content":"","_et_gb_content_width":""},"_links":{"self":[{"href":"https:\/\/agenciasesnich.cl\/web\/wp-json\/wp\/v2\/pages\/8"}],"collection":[{"href":"https:\/\/agenciasesnich.cl\/web\/wp-json\/wp\/v2\/pages"}],"about":[{"href":"https:\/\/agenciasesnich.cl\/web\/wp-json\/wp\/v2\/types\/page"}],"author":[{"embeddable":true,"href":"https:\/\/agenciasesnich.cl\/web\/wp-json\/wp\/v2\/users\/1"}],"replies":[{"embeddable":true,"href":"https:\/\/agenciasesnich.cl\/web\/wp-json\/wp\/v2\/comments?post=8"}],"version-history":[{"count":10,"href":"https:\/\/agenciasesnich.cl\/web\/wp-json\/wp\/v2\/pages\/8\/revisions"}],"predecessor-version":[{"id":1576,"href":"https:\/\/agenciasesnich.cl\/web\/wp-json\/wp\/v2\/pages\/8\/revisions\/1576"}],"wp:attachment":[{"href":"https:\/\/agenciasesnich.cl\/web\/wp-json\/wp\/v2\/media?parent=8"}],"curies":[{"name":"wp","href":"https:\/\/api.w.org\/{rel}","templated":true}]}}